ose -4*f = 2*l + 48, y*l + f = -f - 104. Let s = l - -34. What are the prime factors of s?
2, 7
Let v(h) = 48*h + 32. List the prime factors of v(3).
2, 11
Suppose 2 = -d - 2*g, 2*d = -2*d + g + 28. Let n(s) = -s**3 + 6*s**2 + 2*s + 2. List the prime factors of n(d).
2, 7
Let l(y) = 3*y**2 + 7*y + 33. What are the prime factors of l(-8)?
13
Suppose -4*t + 0*t - x + 98 = 0, 0 = t - 3*x - 31. List the prime factors of t.
5
Let h(x) = -x + 11. Let v be h(0). Let s = v - -3. List the prime factors of s.
2, 7
Let i = 228 - 124. List the prime factors of i.
2, 13
Let u = -13 - -42. List the prime factors of u.
29
Let t = -19 - -21. Suppose 4*m = 4*c + 76, m - 3*c - 11 + t = 0. What are the prime factors of m?
2, 3
List the prime factors of (-25 - (-4 - 0))*(-1 - 0).
3, 7
Let a(s) = 46*s + 2. Let m be a(-1). Let x = m + 84. What are the prime factors of x?
2, 5
Let b = -2 + 6. Suppose b*c - w = 13, w + 6 = 5. List the prime factors of c.
3
Suppose 6 = -0*w - 3*w. What are the prime factors of ((-3)/(-5))/(w/(-10))?
3
Let p be 0/(-2) + 42/3. Suppose -5*i = -4*h + 11, 2*h - i = h + 3. Let l = p - h. List the prime factors of l.
2, 5
Let l(s) = 63*s. What are the prime factors of l(1)?
3, 7
Let u(o) = 2*o + 3. Let p = -1 - -4. What are the prime factors of u(p)?
3
Let t(s) = -91*s - 33. What are the prime factors of t(-4)?
331
Let v(s) be the first derivative of -3*s**2/2 - 8*s - 2. What are the prime factors of v(-6)?
2, 5
Let t(v) = v**3 + 6*v**2 - 4*v + 13. What are the prime factors of t(-6)?
37
What are the prime factors of (-73)/((3 - 5)/2)?
73
Let u(s) = 6*s - 1. Let i = 8 + -6. Let l be 1/i*(-12)/(-2). List the prime factors of u(l).
17
Suppose 2*i = -50 - 32. Let s = -21 - i. What are the prime factors of s?
2, 5
Let p = 7 - -21. What are the prime factors of p?
2, 7
Suppose 14 = v + 2*g - 6, -2*g - 4 = -v. Suppose -3*b + 0 - v = -3*j, 4*j - 8 = 2*b. Let h = 9 - b. List the prime factors of h.
13
Let z = 159 + -13. List the prime factors of z.
2, 73
Let l = 7 + -5. Let r(b) = -b**2 - 2*b + 2. Let s be r(l). Let z = 14 + s. What are the prime factors of z?
2
Let n be 13 + 5 + -2 + 2. Suppose 0 = -4*m + n + 6. What are the prime factors of m?
2, 3
Let g = 83 + -35. What are the prime factors of g?
2, 3
List the prime factors of -389*((-2 - -1) + 0).
389
Let d(k) = 4*k**2 + 2*k - 1. Let g be d(-4). Suppose a - g = -4*a. What are the prime factors of a?
11
Let h(k) = -46*k - 2. Let w be h(-3). Suppose -5*r + w = 4*q, -3*r + 53 + 15 = -q. What are the prime factors of r?
2, 3
Suppose 7*b = 5*b + 186. What are the prime factors of b?
3, 31
Suppose -3*t + 4*w + 61 = -2*t, 5*t + w - 221 = 0. List the prime factors of t.
3, 5
Suppose -5*t = 6 - 1. Let h be 7 + -2 - (-2)/t. Suppose -h*r + 0*n = -4*n - 7, 4*n = 20. List the prime factors of r.
3
Let z(c) be the second derivative of -c**5/5 - c**4/12 + c**3/3 + 2*c**2 + 4*c. List the prime factors of z(-2).
2, 7
Let q(s) = 4*s**2 - 2*s + 2. Let u be q(3). Let m = u + -6. Suppose 4*x - m = 22. List the prime factors of x.
2, 3
Let c = 1 - -1. Let p be -2 - -6*c/(-2). What are the prime factors of 1 + (0 - p - -2)?
11
Suppose 0 = -2*b + 4*a - 73 + 441, 0 = 4*b + a - 718. List the prime factors of b.
2, 3, 5
Let x = 63 + -21. List the prime factors of x.
2, 3, 7
Let t = 17 + -15. Suppose -5*h - 3*x + 55 = 0, -2*x - 11 = -t*h - x. What are the prime factors of h?
2
Suppose 4*p - 3*p = o + 5, 4*p = -3*o - 15. Let z(q) = -q + 16. Let h be z(12). Suppose p = h*n - 41 - 7. List the prime factors of n.
2, 3
Suppose 2*j = 5*x - j - 1050, -x - 5*j = -210. List the prime factors of x.
2, 3, 5, 7
Suppose 2*i = 4 - 8. Suppose 2*b = -0*b - 12. List the prime factors of 2*i/4*b.
2, 3
Let i = 6 - -6. What are the prime factors of i?
2, 3
Let k = 37 + 156. What are the prime factors of k?
193
Suppose -6*j = -11*j. Suppose t - 2*t + 22 = j. What are the prime factors of t?
2, 11
Suppose -k = -0*k + 7. Let u(z) = -z**2 - 8*z - 5. What are the prime factors of u(k)?
2
Let g(i) = -i + 3. Let k be g(3). Suppose -a + 4*a = k. List the prime factors of 2 - (-2)/2 - a.
3
Suppose 0 = -2*d - d + 12. What are the prime factors of 1 + -5 - (-56)/d?
2, 5
Suppose -10*t - 49 = -569. List the prime factors of t.
2, 13
Let y = 115 - 48. What are the prime factors of y?
67
Suppose 5*c + 15 = 5*i, -3*i + 9 = 2*c - 2*i. Suppose 3 = -c*m + 1. List the prime factors of (-6)/(-4) - m/2.
2
Let l(r) = r**2 - 14*r + 11. Let m be l(12). Let f = m - -21. List the prime factors of f.
2
Let t be (2 + 2 - -2) + -1. Suppose 3*s - 3*c - 21 = 0, -4*s - c + 1 = -2. List the prime factors of t + -2 - (-2)/s.
2
List the prime factors of 24 - (2 + -2 - -1).
23
Let y(l) = 2*l**3 - 2*l**2 - 4*l + 2. Let j be y(3). Let g = -7 + j. List the prime factors of g.
19
Let r = -1 - 18. Let a = -7 - r. List the prime factors of a.
2, 3
Let w be 90/(-25) - (-9)/15. Let u = 24 - w. What are the prime factors of u?
3
What are the prime factors of (404/(-3))/(14/(-42))?
2, 101
Suppose -g = -3*g - 4. Let w = g - -4. Suppose 0 = -4*t - 20, -w*t - 11 = -4*r - 7*t. List the prime factors of r.
3
Let g(n) = 4*n + 1. Suppose 0 = u + 2*w - 4, -4*w = -w. What are the prime factors of g(u)?
17
Let a = -49 + 85. What are the prime factors of a?
2, 3
Let m be (-10)/(-25) + (-54)/10. Let v = m + 23. What are the prime factors of 4/v + (-312)/(-54)?
2, 3
Let z = -350 - -229. What are the prime factors of 7/(-35) + z/(-5)?
2, 3
Let p(a) = a + 1. Let k = -1 - -4. What are the prime factors of p(k)?
2
Let v(f) = f**2 + 5*f + 3. Suppose 4*h - 20 = 0, 20 = x + 5*h - 0*h. What are the prime factors of v(x)?
3
Let o(s) = -5*s - 8. Let j(i) = 14*i + 25. Let m(f) = -4*j(f) - 11*o(f). Let b be m(-8). Let d(x) = 2*x**2 + 4*x + 5. List the prime factors of d(b).
3, 7
Let k = 4 - 2. What are the prime factors of 2/(-8)*-70*k?
5, 7
Let f(r) = r**3 + 4*r**2 - r - 2. Let h be f(-4). Suppose -h*x = -3*v - 51, -4*x = -3*x - 3*v - 33. What are the prime factors of x?
2, 3
Let k(g) = -g**3 - 9*g**2 - g + 8. List the prime factors of k(-10).
2, 59
Suppose 96 = 4*z - 2*z. What are the prime factors of z?
2, 3
Let k = 20 + -9. What are the prime factors of k?
11
Let x = 313 + -179. List the prime factors of x.
2, 67
Suppose 0 = 3*o - 13 - 2. Suppose s + 160 = 4*s + 4*n, o*n = s - 28. What are the prime factors of s?
2, 3
Let w(s) = s**2 + 3*s - 5. Let z be w(4). Let o = z - 5. List the prime factors of o.
2, 3
List the prime factors of (12/(-10))/(2/(-45)).
3
Suppose -s + 6*s = 30. Suppose p - x - s - 1 = 0, p - 7 = -5*x. What are the prime factors of p?
7
Let w = -31 + 19. Let v = w - -17. List the prime factors of v.
5
Let i(w) = -w**3 + 4*w**2 + 1. Let a be i(4). Let k(b) = 2*b + 8. Let c be k(-5). List the prime factors of 1/(a - 0) - c.
3
Let r = -3 - -5. Suppose r*v - 3*j = -v + 9, -5*j - 5 = 0. List the prime factors of v.
2
Let l(z) be the second derivative of z**4/12 + 13*z**2/2 - 2*z. List the prime factors of l(0).
13
Let k(x) = x**3 + 16*x**2 - x + 1. What are the prime factors of k(-16)?
17
Suppose 183 - 23 = 4*x. Suppose 4*c - x = 2*c. What are the prime factors of c?
2, 5
Let d = 1 - -3. Suppose 5*z = d*z - j + 12, 2*j + 20 = 2*z. List the prime factors of z.
11
Suppose -j = -87 - 157. List the prime factors of j.
2, 61
What are the prime factors of 1 - 780/(-4 + -2)?
131
Let u = 22 - 32. Let r(k) = k**2 + 8*k. List the prime factors of r(u).
2, 5
Let n(y) = 3*y**2 - 2*y - 2. Let o be n(5). Suppose -j - 20 = -4*z + 3*z, -2*j = -3*z + o. List the prime factors of z.
23
What are the prime factors of (3 + 0)/((-17)/(-221))?
3, 13
Let d = 5 + -5. Suppose d = -2*t - t, -5*o = -t - 30. List the prime factors of o.
2, 3
Let i(h) = 2 + 0 + 3 + h. Let g be i(-3). Let a = 7 - g. List the prime factors of a.
5
Let h(s) = -s + 4. Let w be h(4). Suppose -6*r + 5*r - 2 = w. Let g = r + 10. List the prime factors of g.
2
Let y = 30 + -50. What are the prime factors of (-3)/12 + (-325)/y?
2
Let m(l) = -l**3 + l**2 - 1. Let x(b) = 4*b**3 + 2*b**2 + b + 7. Let t(h) = 3*m(h) + x(h). What are the prime factors of t(-4)?
2
Let n(y) = -y**3 - 2*y**2 + 24*y + 4. What are the prime factors of n(-7)?
3
Suppose 0 = 2*p + 3*m - 40, 3*p - 5*m = -p + 102. What are the prime factors of p?
23
Suppose -5*z = -4*l - 58, -4*